der when 38 is divided by v?
8
Let z be (205/20)/((-2)/(-88)). Suppose -66 = 5*u - z. Calculate the remainder when u is divided by 26.
25
Let x be 3 + -1 + 444/3. Suppose 4*z - 114 = x. Suppose -4*r + 78 = -z. What is the remainder when 71 is divided by r?
35
Let s = 713 - 676. Calculate the remainder when 59 is divided by s.
22
Suppose -5*k - 792 = -16*k. Let g = k + -61. What is the remainder when 174/3*2/4 is divided by g?
7
Let k(h) = h**2 - 22*h + 36. Let o be k(19). Calculate the remainder when 67 is divided by 6/o + (-652)/(-28).
21
Let x(g) = 2*g**2 + g + 79. Let j be x(0). Suppose -5*a + 121 = -j. Calculate the remainder when 78 is divided by a.
38
Suppose 4*q = -3*j + 641, 1145 = 5*j + q + 105. What is the remainder when j is divided by 21?
18
Let l = -317 - -430. Calculate the remainder when l is divided by 29.
26
Suppose -8*k = -12*k + 1148. What is the remainder when k is divided by 48?
47
Let p = -859 + 904. Suppose -33 = -4*a + 15. What is the remainder when p is divided by a?
9
Let z(g) = 6 - 2*g + 87 + g**2 - g**3 + 2*g. Calculate the remainder when z(0) is divided by 19.
17
Suppose 5*i - 36 = -c, 2*c + 2*i = 6*i + 16. Let y be 105/21*(-2 - (-38)/10). Suppose 14*k - y*k - 150 = 0. Calculate the remainder when k is divided by c.
14
Calculate the remainder when 166 is divided by (0/3 - -12 - 6) + 0.
4
Calculate the remainder when (-2922)/(-22) + (208/(-143))/(-8) is divided by 15.
13
What is the remainder when 109 is divided by 680/(-10)*7/(-14)?
7
Let m be (4 + -2)*15/3. Let l be 667/207 + 2/(-9). Let x = m + l. Calculate the remainder when 38 is divided by x.
12
Let m(o) = -o**2 + 5*o + 20. Let q be (18/(-10))/(-3 + 108/40). Calculate the remainder when m(q) is divided by 3.
2
Let z(c) = 3*c**3 - c**2. Suppose -y + 0 = -1. Suppose -34 = -2*x + 5*n, -x + 0*n - n = -3. What is the remainder when x is divided by z(y)?
1
Suppose -11 - 80 = -7*t. What is the remainder when 2 - (-32 + -1) - -2 is divided by t?
11
Suppose -5*p - 8 = -2*g + 3*g, 0 = -2*g + 4*p + 40. Calculate the remainder when 238 is divided by g.
10
Let l(v) be the second derivative of -5*v**3/6 + 5*v**2/2 - 2*v. Let y be l(3). What is the remainder when (15/y)/(9/(-138)) is divided by 12?
11
Let d(o) = o**3 + 5*o**2 - 2*o + 11. Let u be d(-5). Let a(j) = 3*j - 13. What is the remainder when a(u) is divided by 13?
11
Suppose 193 = 3*v + 5*r, -5*v + r + 91 + 212 = 0. What is the remainder when v is divided by 6?
1
Let h(g) = g + 14. Let k(a) = 4*a**2 + 7*a + 8. Let t be k(-4). Suppose 8*i - t = 6*i. What is the remainder when i is divided by h(-6)?
6
Let d(q) = -5*q**2 + 49*q + 89. Let u(i) = -2*i**2 + 16*i + 30. Let f(r) = 3*d(r) - 8*u(r). What is the remainder when f(-18) is divided by 6?
3
Suppose 2*u + 5*t + 193 = 6*u, 2*u - 89 = 5*t. Suppose -u = -4*m + 48. What is the remainder when m is divided by 14?
11
Let g(b) = 2*b**2 - 9*b - 21. Calculate the remainder when 219 is divided by g(-5).
71
Suppose 74 = g - 133. What is the remainder when g is divided by 21?
18
Suppose 8*q - 4*q - 12 = 0. Suppose 2*f + 5*g - 105 = 0, -q*g = 4*f - g - 234. Suppose 5*x = x + f. What is the remainder when 42 is divided by x?
12
What is the remainder when 153 is divided by (-96)/84 + (-281)/(-7)?
36
Calculate the remainder when ((2 - 72) + 11)*-1 is divided by 7.
3
Let o = -37 + 22. Let i(w) = -w**3 - 14*w**2 + 14*w + 1. Calculate the remainder when 63 is divided by i(o).
15
Let j = 191 - 449. What is the remainder when -3 + (j/2)/(-1) is divided by 26?
22
Let m(q) = 10*q**3 + 4*q**2 - 5*q + 2. What is the remainder when m(1) is divided by 5?
1
Suppose -22*f + 190 = -30. What is the remainder when 64 is divided by f?
4
Suppose 2*o + 3*p = p + 52, 4*o = -2*p + 100. Suppose 2*f - o = -f. What is the remainder when 2 + ((-21)/1)/(-1) is divided by f?
7
Let c = 711 + -700. Calculate the remainder when 104 is divided by c.
5
Let g be 1 + -3 - 220/2. Let r = 225 + g. What is the remainder when r is divided by 38?
37
Suppose -2*h + 2*l = -26, h = 4*l - 2*l + 18. Suppose 2*s - 165 + 19 = 0. Let t = -43 + s. What is the remainder when t is divided by h?
6
Suppose -211 = 10*k - 731. Suppose 0 = -3*u - 9, -p + u - 25 = -2*p. What is the remainder when k is divided by p?
24
Let m(f) = f**3 - f**2 + 5*f + 6. Let s be m(-4). Let y = -79 - s. What is the remainder when (4/(-2))/(4/(-110)) is divided by y?
10
Suppose c = 5*c + 2*k - 44, -3*c + 28 = 4*k. What is the remainder when 59 is divided by c?
11
Suppose 4*g + 16 = -0, -247 = -5*t - 2*g. Calculate the remainder when t is divided by 11.
7
Let h(o) = -o**3 - o**2 + 2*o - 2. Let u be h(-3). Suppose u*g - 14*g = -16. Calculate the remainder when 15 is divided by g.
3
Suppose r - 4*k - 13 = 0, -r + 59 = r + 3*k. Calculate the remainder when r is divided by 11.
3
Suppose -73*b = -74*b + 5. Calculate the remainder when 111 is divided by b.
1
Let m(w) = -w**2 - 29*w - 88. Calculate the remainder when 187 is divided by m(-22).
55
Suppose 0 = -b + 3*b. Suppose b = 5*m - 10 - 10. Let l(i) = i + 19. What is the remainder when l(-6) is divided by m?
1
Suppose -26*v = -103 - 7099. What is the remainder when v is divided by 92?
1
Suppose 12 = -4*a + 7*a. Let g(d) = d**2 + d + 4. What is the remainder when 46 is divided by g(a)?
22
Let n = 643 - 504. Calculate the remainder when n is divided by 5.
4
Let w(j) = -j**2 - 5*j + 6. Let n(h) = -28*h - 5. Let s be n(-2). Let u = -30 + s. Calculate the remainder when u is divided by w(-5).
3
Let r(i) = -i + 5. Let j be r(0). Calculate the remainder when j/(5/63) - 2 is divided by 1 + (-2 - (2 + -19)).
13
Let v(h) = h + 50. What is the remainder when v(23) is divided by 28?
17
Let q = -135 - -156. Calculate the remainder when 226 is divided by q.
16
Let m = 34 + -22. Suppose -7*j + 10*j = 3, -3*j + 45 = 2*o. What is the remainder when o is divided by m?
9
Let a(z) = 41*z - 255. Calculate the remainder when 41 is divided by a(7).
9
Suppose q - 2*w + 4*w - 111 = 0, w = 5*q - 610. What is the remainder when q is divided by 34?
19
Let w = -247 + 286. Calculate the remainder when w is divided by 5.
4
Let c(y) be the first derivative of 2*y**3/3 - 11*y**2 - 17*y - 12. What is the remainder when 17 is divided by c(12)?
3
Suppose -8*q + 14*q - 90 = 0. What is the remainder when 253 is divided by q?
13
Let r(z) = 20*z**3 + 281*z**2 + 12*z - 13. What is the remainder when -1*(2 - -4)*-7 is divided by r(-14)?
12
Let w = -27 + 32. Suppose 0 = -k - 0*k - w*j + 47, -k + j = -17. What is the remainder when 43 is divided by k?
21
Suppose 0 = -i - d + 13, 9*d - 5*d + 36 = 4*i. What is the remainder when 27 is divided by i?
5
Let c = -15 - -19. Let f(o) = -o**3 + 5*o**2 + 18*o - 14. Calculate the remainder when f(7) is divided by c.
2
Let t(g) = -16*g + 116. What is the remainder when t(-4) is divided by 13?
11
Calculate the remainder when 478 is divided by -8*6/(-12)*8.
30
Suppose 6*o + 155 = 11*o. Let f = 42 - o. Suppose n - f = -2*t, -t = 4*t + 25. What is the remainder when 40 is divided by n?
19
Let u be 0 - -4 - (-36)/(-12). Suppose -2*n = -u - 21. Calculate the remainder when 20 is divided by n.
9
Suppose -3*c + 2*c + 2 = 0. Let r = 8 - c. What is the remainder when 10 is divided by r/(-12)*1*-12?
4
Let w(d) = -d**3 + 3*d. What is the remainder when w(-4) is divided by (64/(-224))/((-1)/63)?
16
Let n = 2063 - 1472. Calculate the remainder when n is divided by 33.
30
Let f(y) = y**3 + 2*y**2 - 38*y + 4. Let w(m) = 0*m**2 - 7*m - 1 + m**3 - 6*m**2 + 2*m. What is the remainder when f(-7) is divided by w(7)?
12
Let h(d) = -2*d**2 - 4*d - 3. Let j be h(-5). Let z be 6/(-4)*(-34)/(-3). Let t = z - j. What is the remainder when 61 is divided by t?
13
Let y(m) = 15*m + 113. What is the remainder when 20 is divided by y(-7)?
4
Let f(q) = 12*q - 17. What is the remainder when f(24) is divided by 11?
7
Suppose 6*a - 68 = 28. Suppose 3*k = 2*l - 2*k - 25, -28 = -5*l + k. Calculate the remainder when a is divided by l.
1
Let q(h) = 3*h**3 + 2*h**2 + h + 6. Let w be q(3). Let z = w - 88. Calculate the remainder when 31 is divided by z.
11
Let y = -271 + 290. What is the remainder when 37 is divided by y?
18
Let t = -120 - -148. Suppose 3*y - 13 = 32. What is the remainder when t is divided by y?
13
Suppose -2*n - 3*z + 70 = 0, -5*z = -